{"id":257,"date":"2018-08-09T08:36:30","date_gmt":"2018-08-09T08:36:30","guid":{"rendered":"https:\/\/centroportalasia.com\/PortalAsia\/?page_id=257"},"modified":"2018-10-10T14:49:13","modified_gmt":"2018-10-10T14:49:13","slug":"aviso-legal","status":"publish","type":"page","link":"https:\/\/centroportalasia.com\/PortalAsia\/aviso-legal\/","title":{"rendered":"Aviso Legal"},"content":{"rendered":"<h1 style=\"text-align: center;\">AVISO LEGAL<\/h1>\n<ul>\n<li>\n<h2>I. Objeto<\/h2>\n<\/li>\n<\/ul>\n<p style=\"text-align: justify;\">El presente Aviso Legal regula las condiciones de uso del Sitio Web <a href=\"https:\/\/centroportalasia.com\/PortalAsia\/\">www.centroportalasia.com<\/a> (en adelante, el <strong>Sitio Web<\/strong>) que <strong>PORTAL ASIA SL<\/strong>, (en adelante <strong>CENTRO PORTAL ASIA<\/strong>) pone a disposici\u00f3n de los usuarios con el fin de proporcionarles informaci\u00f3n sobre productos y servicios, propios o de terceros colaboradores, y facilitarles el acceso a los mismos (todo ello denominado, conjuntamente, los<strong> Contenidos<\/strong>).<br \/>\n<strong>CENTRO PORTAL ASIA<\/strong> tiene su domicilio social en C\/ \u00c1ngel Guimera, 9, local 2 08902 &#8211; (Hospitalet De Llobregat) \u2013 Barcelona, y est\u00e1 inscrita en el Registro Mercantil de Barcelona, Tomo 45206, Folio 100, Inscripci\u00f3n 1, Hoja 480314 y provista de CIF n\u00famero B66703547.<br \/>\nSi desea contactar con <strong>CENTRO PORTAL ASIA<\/strong> puede hacerlo a trav\u00e9s del n\u00famero de tel\u00e9fono <a href=\"tel:660269027\">660 269 027<\/a> si lo prefiere v\u00eda correo electr\u00f3nico a <a href=\"mailto:info@centroportalasia.com\">info@centroportalasia.com<\/a><br \/>\nLa utilizaci\u00f3n del Sitio Web atribuye la condici\u00f3n de <strong>Usuario<\/strong>, lo cual implica la adhesi\u00f3n al Aviso Legal en la versi\u00f3n publicada en el momento en que se acceda a la misma. <strong>CENTRO PORTAL ASIA<\/strong> se reserva el derecho de modificar, en cualquier momento y sin previo aviso, la presentaci\u00f3n y configuraci\u00f3n del Sitio Web, as\u00ed como su Aviso Legal. Por ello, <strong>CENTRO PORTAL ASIA<\/strong> recomienda al Usuario leer el Aviso Legal atentamente cada vez que acceda al Sitio Web.<\/p>\n<p style=\"text-align: justify;\">El acceso a determinados Contenidos puede encontrarse sometido a ciertas condiciones particulares propias que, seg\u00fan los casos, sustituyen, completan y\/o modifican este Aviso Legal. Por tanto, con anterioridad al acceso y\/o utilizaci\u00f3n de dichos Contenidos, el Usuario ha de leer atentamente tambi\u00e9n las correspondientes condiciones particulares.<\/p>\n<ul>\n<li style=\"text-align: center;\">\n<h2 style=\"text-align: left;\">II. Acceso y uso del Sitio Web<\/h2>\n<\/li>\n<\/ul>\n<p style=\"text-align: justify;\">El acceso al Sitio Web por parte de los Usuarios tiene car\u00e1cter libre y gratuito. No obstante, la utilizaci\u00f3n, prestaci\u00f3n y\/o contrataci\u00f3n de los productos o servicios que, en su caso, puedan ser ofrecidos por <strong>CENTRO PORTAL ASIA<\/strong> puede estar sujeta a la previa aceptaci\u00f3n de requisitos formales tales como la cumplimentaci\u00f3n del correspondiente formulario, abono de gastos o la previa aceptaci\u00f3n de las condiciones particulares que resulten de aplicaci\u00f3n a los mismos.<\/p>\n<p style=\"text-align: justify;\">El mero acceso al Sitio Web no implica, en s\u00ed mismo, el establecimiento de ning\u00fan tipo de v\u00ednculo o relaci\u00f3n comercial entre <strong>CENTRO PORTAL ASIA<\/strong> y el Usuario, salvo cuando se hayan establecido los medios oportunos para ello y el Usuario haya dado cumplimiento previo a los requisitos que, en su caso, sean establecidos. La inclusi\u00f3n en el Sitio Web de informaci\u00f3n relativa a productos o servicios ofrecidos por <strong>CENTRO PORTAL ASIA<\/strong> tiene exclusivamente fines informativos y publicitarios, salvo que sea establecida expresamente otra finalidad.<br \/>\nEl Usuario asume la responsabilidad del uso del Sitio Web. Dicha responsabilidad se extiende al registro que fuese necesario para acceder a determinados Contenidos. En dicho registro el Usuario ser\u00e1 responsable de aportar informaci\u00f3n real y l\u00edcita. Como consecuencia de este registro, al Usuario se le puede entregar una contrase\u00f1a de la que ser\u00e1 responsable, comprometi\u00e9ndose a hacer un uso diligente y confidencial de la misma. En consecuencia, los Usuarios son responsables de la adecuada custodia y confidencialidad de cualesquiera identificadores y\/o contrase\u00f1as que le sean suministrados, y se comprometen a no ceder su uso a terceros, ya sea temporal o permanente, ni a permitir su acceso a personas ajenas. Ser\u00e1 responsabilidad exclusiva del Usuario la utilizaci\u00f3n y\/o contrataci\u00f3n de los Contenidos por cualquier tercero ileg\u00edtimo que emplee a tal efecto una contrase\u00f1a a causa de una actuaci\u00f3n culposa o no diligente o de la p\u00e9rdida de la misma por el Usuario.<\/p>\n<p style=\"text-align: justify;\">El Usuario se compromete a hacer un uso adecuado de los Contenidos que <strong>CENTRO PORTAL ASIA<\/strong> ofrece a trav\u00e9s de su Sitio Web y (con car\u00e1cter enunciativo pero no limitativo), a no usarlos para:<\/p>\n<ul>\n<li>Realizar actividades il\u00edcitas, ilegales, contrarias a la buena fe y al orden p\u00fablico y a las instrucciones recibidas de <strong>CENTRO PORTAL ASIA<\/strong>.<\/li>\n<li>Utilizarlos con fines lesivos de los leg\u00edtimos derechos de terceros.<\/li>\n<li>Acceder y\/o utilizar el Sitio Web para fines profesionales ni incorporar, como actividad empresarial propia, los servicios y contenidos del Sitio Web.<\/li>\n<li>Intentar acceder y, en su caso, utilizar las cuentas de correo electr\u00f3nico de otros usuarios y modificar o manipular sus mensajes<\/li>\n<li>Utilizar el sitio Web ni las informaciones que en \u00e9l se contienen con fines comerciales, pol\u00edticos, publicitarios y para cualquier uso comercial, sobre todo el env\u00edo de correos electr\u00f3nicos no solicitados.<\/li>\n<li>Queda expresamente prohibido el uso o aplicaci\u00f3n de cualesquiera recursos t\u00e9cnicos, l\u00f3gicos o tecnol\u00f3gicos en virtud de los cuales los Usuarios puedan beneficiarse, directa o indirectamente, con o sin lucro de la explotaci\u00f3n no autorizada de los contenidos y\/o servicios del Sitio Web.<\/li>\n<\/ul>\n<p style=\"text-align: left;\"><strong>Chats y comentarios:<\/strong><\/p>\n<p style=\"text-align: justify;\"><strong>CENTRO PORTAL ASIA<\/strong> tiene el derecho de retirar todos aquellos comentarios y aportaciones que vulneren el respeto a la dignidad de la persona, que sean discriminatorios, xen\u00f3fobos, racistas, pornogr\u00e1ficos, que atenten contra la juventud o la infancia, el orden o la seguridad p\u00fablica o que, a su juicio, no sean adecuados para su publicaci\u00f3n. En cualquier caso, <strong>CENTRO PORTAL ASIA<\/strong> no ser\u00e1 responsable de las opiniones vertidas por los usuarios a trav\u00e9s de los foros, chats, u otras herramientas de participaci\u00f3n<\/p>\n<p style=\"text-align: justify;\"><strong>CENTRO PORTAL ASIA<\/strong> se reserva el derecho a denegar o retirar el acceso al Sitio Web y\/o los Contenidos ofrecidos sin necesidad de advertencia previa, a instancia propia o de un tercero, a aquellos usuarios que incumplan el contenido de este Aviso Legal.<\/p>\n<ul>\n<li>\n<h2>III. Pol\u00edtica de Privacidad y Pol\u00edtica de Cookies<\/h2>\n<\/li>\n<\/ul>\n<p style=\"text-align: justify;\">Cuando sea necesario que el Usuario se registre o facilite datos personales (entre otros supuestos, para acceder a servicios; solicitar informaci\u00f3n; adquirir productos; remitir consultas, quejas o solicitudes de contrataci\u00f3n), el Usuario ser\u00e1 advertido de la necesidad de facilitar sus datos personales.<\/p>\n<p style=\"text-align: justify;\">En todo caso, la recogida y el tratamiento de los datos personales se llevar\u00e1 a cabo con sujeci\u00f3n a los principios y obligaciones de la normativa aplicable en materia de protecci\u00f3n de datos, y de conformidad con lo previsto en la <a href=\"https:\/\/centroportalasia.com\/PortalAsia\/politica-de-privacidad\/\">Pol\u00edtica de Privacidad<\/a>, la cual forma parte integrante de este Aviso Legal.<\/p>\n<p style=\"text-align: justify;\">En relaci\u00f3n a los datos personales de navegaci\u00f3n obtenidos en el Sitio Web, le informamos que <strong>CENTRO PORTAL ASIA<\/strong> utiliza cookies anal\u00edticas. Para mas informaci\u00f3n consulte la <a href=\"https:\/\/centroportalasia.com\/PortalAsia\/politica-de-cookies\/\">Pol\u00edtica de Cookies<\/a>, la cual forma parte integrante de este Aviso Legal.<\/p>\n<ul>\n<li>\n<h2>IV. Derechos de Propiedad Intelectual e Industrial<\/h2>\n<\/li>\n<\/ul>\n<p style=\"text-align: justify;\">Todos los contenidos del Sitio Web (tales como textos, gr\u00e1ficos, fotograf\u00edas, ilustraciones, logotipos, iconos, im\u00e1genes, videos, nombres comerciales, marcas o signos distintivos, el dise\u00f1o gr\u00e1fico, c\u00f3digo fuente, software y cualesquiera elementos que aparecen en el Sitio Web), son titularidad exclusiva de <strong>CENTRO PORTAL ASIA<\/strong> o de terceros, cuyos derechos reconoce <strong>CENTRO PORTAL ASIA<\/strong>, y est\u00e1n sujetos a derechos de propiedad intelectual e industrial protegidos por la legislaci\u00f3n nacional e internacional.<\/p>\n<p style=\"text-align: justify;\">No se cede al Usuario ning\u00fan derecho de propiedad intelectual o industrial sobre el Sitio Web ni sobre ninguno de sus elementos integrantes, quedando expresamente prohibidos al Usuario la reproducci\u00f3n, transformaci\u00f3n, distribuci\u00f3n, comunicaci\u00f3n p\u00fablica, puesta a disposici\u00f3n, extracci\u00f3n, reutilizaci\u00f3n, o la utilizaci\u00f3n de cualquier naturaleza, por cualquier medio o procedimiento, de cualquiera de ellos, salvo en los casos en que est\u00e9 legalmente permitido o sea autorizado por el titular de los correspondientes derechos<\/p>\n<p style=\"text-align: justify;\">El Usuario se compromete a respetar los derechos de Propiedad Intelectual e Industrial titularidad del <strong>CENTRO PORTAL ASIA<\/strong>. Podr\u00e1 visualizar los elementos del portal e incluso imprimirlos, copiarlos y almacenarlos en el disco duro de su ordenador o en cualquier otro soporte f\u00edsico siempre y cuando sea, \u00fanica y exclusivamente, para su uso personal y privado. El Usuario no podr\u00e1 suprimir, alterar, eludir o manipular cualquier dispositivo de protecci\u00f3n o sistema de seguridad que estuviera instalado en el Sitio Web del <strong>CENTRO PORTAL ASIA<\/strong>.<\/p>\n<p style=\"text-align: justify;\">La infracci\u00f3n de cualquiera de los citados derechos puede constituir una vulneraci\u00f3n de las presentes disposiciones, as\u00ed como un delito castigado de acuerdo con los art\u00edculos 270 y siguientes del C\u00f3digo Penal.<\/p>\n<ul>\n<li>\n<h2>V. Hiperenlaces<\/h2>\n<\/li>\n<\/ul>\n<p style=\"text-align: justify;\">En el caso de que en el Sitio Web se incluyesen hiperenlaces o hiperv\u00ednculos a otros sitios de Internet, <strong>CENTRO PORTAL ASIA<\/strong> no ejercer\u00e1 ning\u00fan tipo de control sobre dichos sitios y contenidos. En ning\u00fan caso <strong>CENTRO PORTAL ASIA<\/strong> asumir\u00e1 responsabilidad alguna por los contenidos de alg\u00fan enlace perteneciente a un Sitio Web ajeno, ni garantizar\u00e1 la disponibilidad t\u00e9cnica, calidad, fiabilidad, exactitud, amplitud, veracidad, validez y constitucionalidad de cualquier material o informaci\u00f3n contenido en ninguno de dichos hiperv\u00ednculos u otros sitios de Internet. Igualmente, la inclusi\u00f3n de estas conexiones externas no implicar\u00e1 ning\u00fan tipo de asociaci\u00f3n, fusi\u00f3n o participaci\u00f3n con las entidades conectadas.<\/p>\n<p style=\"text-align: justify;\">El usuario y, en general, cualquier persona f\u00edsica o jur\u00eddica, podr\u00e1 establecer un hiperenlace desde su Sitio Web. El establecimiento del hiperenlace no implica en ning\u00fan caso la existencia de relaciones entre <strong>CENTRO PORTAL ASIA<\/strong> y el propietario del sitio o de la p\u00e1gina en la que se establezca el hiperenlace, ni la aceptaci\u00f3n o aprobaci\u00f3n por parte de <strong>CENTRO PORTAL ASIA<\/strong> de sus contenidos o servicios. En todo caso, <strong>CENTRO PORTAL ASIA<\/strong> se reserva el derecho de prohibir o inutilizar en cualquier momento cualquier hiperenlace al Sitio Web.<\/p>\n<ul>\n<li>\n<h2>VI. Exclusi\u00f3n de Garant\u00edas y Responsabilidad<\/h2>\n<\/li>\n<\/ul>\n<p style=\"text-align: justify;\">El Usuario reconoce que la utilizaci\u00f3n del Sitio Web y de sus contenidos y servicios se desarrolla bajo su \u00fanica responsabilidad. En concreto, a t\u00edtulo meramente enunciativo, <strong>CENTRO PORTAL ASIA<\/strong> no asume ninguna responsabilidad en los siguientes \u00e1mbitos:<\/p>\n<ul>\n<li>La disponibilidad en el funcionamiento del Sitio Web, sus Contenidos y su calidad o interoperabilidad.<\/li>\n<li>La finalidad para la que la p\u00e1gina Sitio Web sirva a los objetivos del Usuario.<\/li>\n<li>La infracci\u00f3n de la legislaci\u00f3n vigente por parte del Usuario o terceros y, en concreto, de los derechos de propiedad intelectual o industrial que sean propiedad de otras personas o entidades.<\/li>\n<li>La existencia de c\u00f3digos maliciosos o cualquier otro elemento inform\u00e1tico da\u00f1ino que pudiera causar da\u00f1os al sistema inform\u00e1tico del Usuario o de terceros. Es responsabilidad del Usuario, en todo caso, disponer de herramientas adecuadas para la detecci\u00f3n y desinfecci\u00f3n de estos elementos.<\/li>\n<li>El acceso fraudulento a los Contenidos por terceros no autorizados, o, en su caso, la captura, eliminaci\u00f3n, alteraci\u00f3n, modificaci\u00f3n o manipulaci\u00f3n de los mensajes y comunicaciones de cualquier clase que dichos terceros pudieran realizar.<\/li>\n<li>La exactitud, veracidad, actualidad y utilidad de los contenidos y servicios ofrecidos y la utilizaci\u00f3n posterior que de ellos haga el Usuario. <strong>CENTRO PORTAL ASIA<\/strong> pondr\u00e1 todos los esfuerzos y medios razonables para facilitar la informaci\u00f3n actualizada y fehaciente.<\/li>\n<li>Los da\u00f1os producidos a equipos inform\u00e1ticos durante el acceso a la p\u00e1gina Sitio Web y los da\u00f1os producidos a los Usuarios cuando tengan su origen en fallos o desconexiones en las redes de telecomunicaciones que interrumpan el servicio.<\/li>\n<li>Los da\u00f1os o perjuicios que se deriven de circunstancias ocurridas por caso fortuito o fuerza mayor<\/li>\n<li>En caso de que existan foros, en el uso de los mismos u otros espacios an\u00e1logos, ha de tenerse en cuenta que, los mensajes reflejan \u00fanicamente la opini\u00f3n del Usuario que los remite, que es el \u00fanico responsable. <strong>CENTRO PORTAL ASIA<\/strong> no se hace responsable del contenido de los mensajes enviados por el Usuario.<\/li>\n<\/ul>\n<p>&nbsp;<\/p>\n<ul>\n<li>\n<h2>VII. Generalidades, Legislaci\u00f3n Aplicable y Jurisdicci\u00f3n<\/h2>\n<\/li>\n<\/ul>\n<p style=\"text-align: justify;\">Los encabezamientos de las distintas cl\u00e1usulas son s\u00f3lo informativos, y no afectar\u00e1n, calificar\u00e1n o modificar\u00e1n la interpretaci\u00f3n del Aviso Legal.<br \/>\nEn caso de existir discrepancia entre lo establecido en este Aviso Legal y las condiciones particulares que, en su caso, puedan ser establecidas respecto de los Contenidos ofrecidos en el Sitio Web, prevalecer\u00e1 lo dispuesto en las condiciones particulares.<br \/>\nEn el caso de que cualquier disposici\u00f3n o disposiciones de este Aviso Legal fuera(n) considerada(s) nula(s) o inaplicable(s), en su totalidad o en parte, por cualquier Juzgado, Tribunal u \u00f3rgano administrativo competente, dicha nulidad o inaplicaci\u00f3n no afectar\u00e1 a las otras disposiciones del Aviso Legal ni a las condiciones particulares que, en su caso, hayan podido ser establecidas.<br \/>\n<strong>CENTRO PORTAL ASIA<\/strong> perseguir\u00e1 el incumplimiento de estas condiciones as\u00ed como cualquier utilizaci\u00f3n indebida de su Sitio Web ejerciendo todas las acciones civiles y penales que le puedan corresponder en derecho.<br \/>\nEl no ejercicio o ejecuci\u00f3n por parte de <strong>CENTRO PORTAL ASIA<\/strong> de cualquier derecho o disposici\u00f3n contenida en este Aviso Legal no constituir\u00e1 una renuncia al mismo, salvo reconocimiento y acuerdo por escrito por su parte.<br \/>\nLa relaci\u00f3n entre <strong>CENTRO PORTAL ASIA<\/strong> y el Usuario se regir\u00e1 por la normativa espa\u00f1ola vigente. Todas las disputas y reclamaciones derivadas de este Aviso Legal se resolver\u00e1n por los juzgados y tribunales competentes.<\/p>\n<p>&nbsp;<\/p>\n<p>&nbsp;<\/p>\n<p style=\"text-align: right;\">Este Aviso Legal ha sido revisado y publicado a fecha 20 de julio de 2018.<\/p>\n","protected":false},"excerpt":{"rendered":"<p>AVISO LEGAL I. Objeto El presente Aviso Legal regula las condiciones de uso del Sitio Web www.centroportalasia.com (en adelante, el Sitio Web) que PORTAL ASIA SL, (en adelante CENTRO PORTAL ASIA) pone a disposici\u00f3n de los usuarios con el fin de proporcionarles informaci\u00f3n sobre productos y servicios, propios o de \u2026 <a class=\"continue-reading-link\" href=\"https:\/\/centroportalasia.com\/PortalAsia\/aviso-legal\/\">Continuer \u00e0 lire <span class=\"meta-nav\">&rarr; <\/span><\/a><\/p>\n","protected":false},"author":2,"featured_media":0,"parent":0,"menu_order":0,"comment_status":"closed","ping_status":"closed","template":"templates\/template-onecolumn.php","meta":{"footnotes":""},"class_list":["post-257","page","type-page","status-publish","hentry"],"_links":{"self":[{"href":"https:\/\/centroportalasia.com\/PortalAsia\/wp-json\/wp\/v2\/pages\/257","targetHints":{"allow":["GET"]}}],"collection":[{"href":"https:\/\/centroportalasia.com\/PortalAsia\/wp-json\/wp\/v2\/pages"}],"about":[{"href":"https:\/\/centroportalasia.com\/PortalAsia\/wp-json\/wp\/v2\/types\/page"}],"author":[{"embeddable":true,"href":"https:\/\/centroportalasia.com\/PortalAsia\/wp-json\/wp\/v2\/users\/2"}],"replies":[{"embeddable":true,"href":"https:\/\/centroportalasia.com\/PortalAsia\/wp-json\/wp\/v2\/comments?post=257"}],"version-history":[{"count":18,"href":"https:\/\/centroportalasia.com\/PortalAsia\/wp-json\/wp\/v2\/pages\/257\/revisions"}],"predecessor-version":[{"id":325,"href":"https:\/\/centroportalasia.com\/PortalAsia\/wp-json\/wp\/v2\/pages\/257\/revisions\/325"}],"wp:attachment":[{"href":"https:\/\/centroportalasia.com\/PortalAsia\/wp-json\/wp\/v2\/media?parent=257"}],"curies":[{"name":"wp","href":"https:\/\/api.w.org\/{rel}","templated":true}]}}