{"id":489,"date":"2023-12-13T15:54:58","date_gmt":"2023-12-13T15:54:58","guid":{"rendered":"https:\/\/centroportalasia.com\/PortalAsia\/?page_id=489"},"modified":"2023-12-13T16:08:07","modified_gmt":"2023-12-13T16:08:07","slug":"taller-de-kimchi-en-portal-asia","status":"publish","type":"page","link":"https:\/\/centroportalasia.com\/PortalAsia\/taller-de-kimchi-en-portal-asia\/","title":{"rendered":"Taller de Kimchi en Portal Asia"},"content":{"rendered":"<div id=\"attachment_472\" style=\"width: 235px\" class=\"wp-caption alignleft\"><img loading=\"lazy\" decoding=\"async\" aria-describedby=\"caption-attachment-472\" class=\"size-medium wp-image-472\" src=\"https:\/\/centroportalasia.com\/PortalAsia\/wp-content\/uploads\/2023\/12\/kimchi-225x300.jpg\" alt=\"Taller de Kimchi\" width=\"225\" height=\"300\" srcset=\"https:\/\/centroportalasia.com\/PortalAsia\/wp-content\/uploads\/2023\/12\/kimchi-225x300.jpg 225w, https:\/\/centroportalasia.com\/PortalAsia\/wp-content\/uploads\/2023\/12\/kimchi-768x1024.jpg 768w, https:\/\/centroportalasia.com\/PortalAsia\/wp-content\/uploads\/2023\/12\/kimchi-1152x1536.jpg 1152w, https:\/\/centroportalasia.com\/PortalAsia\/wp-content\/uploads\/2023\/12\/kimchi-113x150.jpg 113w, https:\/\/centroportalasia.com\/PortalAsia\/wp-content\/uploads\/2023\/12\/kimchi.jpg 1500w\" sizes=\"auto, (max-width: 225px) 100vw, 225px\" \/><p id=\"caption-attachment-472\" class=\"wp-caption-text\">Uno de nuetros talleres favoritos es el de Kimchi. F\u00e1cil de hacer y delicioso, es el alimento estrella en Corea del Sur<\/p><\/div>\n<p>El taller de kimchi es el favorito de Portal Asia. Cada curso de intensivo os ense\u00f1amos a hacer kimchi de forma f\u00e1cil para que pod\u00e1is tener kimchi fresco y delicioso en casa sin necesidad de comprarlo importado.<\/p>\n<p>La mayor\u00eda de kimchi importado contiene ingredientes que no son propios del kimchi tradicional y adem\u00e1s no indican qu\u00e9 tipo de conservante contiene. En Corea es costumbre utilizar aceite de anchoa para crear el efecto de fermentaci\u00f3n, por lo que las personas veganas no pueden tomarlo. Nosotros ofrecemos posibles alternativas para quienes quieran sustituir este ingrediente clave.<\/p>\n<p>Aviso: hacer kimchi en casa requiere un m\u00e1ximo de limpieza y cuidado para evitar que durante el proceso de fermentaci\u00f3n se contamine.<\/p>\n<p>&nbsp;<\/p>\n<p>&nbsp;<\/p>\n","protected":false},"excerpt":{"rendered":"<p>El taller de kimchi es el favorito de Portal Asia. Cada curso de intensivo os ense\u00f1amos a hacer kimchi de forma f\u00e1cil para que pod\u00e1is tener kimchi fresco y delicioso en casa sin necesidad de comprarlo importado. La mayor\u00eda de kimchi importado contiene ingredientes que no son propios del kimchi \u2026 <a class=\"continue-reading-link\" href=\"https:\/\/centroportalasia.com\/PortalAsia\/taller-de-kimchi-en-portal-asia\/\">Continuer \u00e0 lire <span class=\"meta-nav\">&rarr; <\/span><\/a><\/p>\n","protected":false},"author":5,"featured_media":0,"parent":0,"menu_order":0,"comment_status":"closed","ping_status":"closed","template":"templates\/template-onecolumn.php","meta":{"footnotes":""},"class_list":["post-489","page","type-page","status-publish","hentry"],"_links":{"self":[{"href":"https:\/\/centroportalasia.com\/PortalAsia\/wp-json\/wp\/v2\/pages\/489","targetHints":{"allow":["GET"]}}],"collection":[{"href":"https:\/\/centroportalasia.com\/PortalAsia\/wp-json\/wp\/v2\/pages"}],"about":[{"href":"https:\/\/centroportalasia.com\/PortalAsia\/wp-json\/wp\/v2\/types\/page"}],"author":[{"embeddable":true,"href":"https:\/\/centroportalasia.com\/PortalAsia\/wp-json\/wp\/v2\/users\/5"}],"replies":[{"embeddable":true,"href":"https:\/\/centroportalasia.com\/PortalAsia\/wp-json\/wp\/v2\/comments?post=489"}],"version-history":[{"count":5,"href":"https:\/\/centroportalasia.com\/PortalAsia\/wp-json\/wp\/v2\/pages\/489\/revisions"}],"predecessor-version":[{"id":497,"href":"https:\/\/centroportalasia.com\/PortalAsia\/wp-json\/wp\/v2\/pages\/489\/revisions\/497"}],"wp:attachment":[{"href":"https:\/\/centroportalasia.com\/PortalAsia\/wp-json\/wp\/v2\/media?parent=489"}],"curies":[{"name":"wp","href":"https:\/\/api.w.org\/{rel}","templated":true}]}}